te?
True
Is 51276713 a composite number?
False
Is 12540005 a prime number?
False
Is 4126139 composite?
False
Is 103566997 a composite number?
True
Is 47917319 prime?
True
Is 15095383 composite?
True
Is 15117803 composite?
True
Is 13319041 composite?
True
Is 106375199 composite?
True
Is 50806147 composite?
True
Is 7446437 prime?
True
Is 24079639 a prime number?
True
Is 2096051 composite?
False
Is 358292537 a prime number?
False
Is 14023361 a composite number?
True
Is 42715019 a prime number?
False
Is 7597939 prime?
False
Is 115464793 a composite number?
True
Is 14623751 prime?
True
Is 1988995 composite?
True
Is 148009889 a composite number?
False
Is 41227619 composite?
True
Is 109623739 prime?
True
Is 289408297 prime?
True
Is 719787091 a composite number?
True
Is 47290519 a prime number?
False
Is 2163617 composite?
True
Is 7770391 a composite number?
False
Is 5702677 a prime number?
False
Is 6666379 prime?
True
Is 1138173 prime?
False
Is 10952447 composite?
True
Is 13866863 composite?
False
Is 1269469 composite?
True
Is 8530037 a composite number?
False
Is 14988349 a prime number?
True
Is 4026179 prime?
False
Is 149342111 prime?
True
Is 21106643 composite?
False
Is 197477789 prime?
True
Is 4739687 a prime number?
True
Is 209550083 a composite number?
False
Is 1165573 composite?
True
Is 3735583 prime?
True
Is 5077333 a composite number?
True
Is 43213 a composite number?
True
Is 3292843 prime?
True
Is 5035211 prime?
False
Is 7641311 a composite number?
False
Is 69166787 a composite number?
True
Is 58367147 composite?
True
Is 466559 prime?
False
Is 53328437 prime?
True
Is 3032279 a prime number?
True
Is 452131 prime?
True
Is 49219987 a composite number?
True
Is 14378303 composite?
True
Is 176937979 a composite number?
False
Is 365773777 prime?
True
Is 8295159 composite?
True
Is 4823381 prime?
True
Is 28666147 composite?
False
Is 29853973 a composite number?
False
Is 619847 prime?
False
Is 1699897 prime?
True
Is 3294461 a composite number?
False
Is 4498397 a prime number?
False
Is 13962071 a prime number?
True
Is 5040163 prime?
True
Is 5168521 prime?
False
Is 42614459 composite?
True
Is 19798861 a prime number?
True
Is 10232597 prime?
False
Is 105305659 a prime number?
True
Is 9071629 a prime number?
False
Is 3316879 prime?
True
Is 15738519 a composite number?
True
Is 19612349 prime?
False
Is 15857423 a composite number?
True
Is 202795247 a composite number?
False
Is 21844367 composite?
True
Is 154140563 composite?
True
Is 74563967 a composite number?
True
Is 164255239 prime?
True
Is 1844441 a composite number?
False
Is 359077007 a prime number?
False
Is 138983 prime?
False
Is 288865 a prime number?
False
Is 75414043 a composite number?
False
Is 2545001 composite?
False
Is 96843529 prime?
True
Is 2465917 prime?
True
Is 103913 a composite number?
False
Is 4931389 a composite number?
False
Is 28191309 prime?
False
Is 9198923 composite?
True
Is 5041709 a prime number?
True
Is 2594741 composite?
False
Is 3370771 a prime number?
False
Is 19534367 a composite number?
True
Is 590973 a prime number?
False
Is 27415027 prime?
False
Is 215653 composite?
False
Is 229736773 composite?
True
Is 310467737 a composite number?
False
Is 102702667 prime?
True
Is 19836833 composite?
True
Is 590854505 a composite number?
True
Is 41817493 a composite number?
False
Is 50745053 a prime number?
True
Is 27385393 a prime number?
False
Is 5296397 a composite number?
True
Is 462499463 composite?
True
Is 33665993 composite?
True
Is 9994867 a composite number?
False
Is 208353811 composite?
False
Is 515573753 prime?
True
Is 37507229 a composite number?
False
Is 1074251 composite?
False
Is 3016997 a prime number?
True
Is 289608901 composite?
True
Is 1836623 composite?
False
Is 152765237 prime?
False
Is 417291851 prime?
False
Is 60538991 prime?
False
Is 176489 a prime number?
True
Is 4393763 composite?
True
Is 312815021 composite?
False
Is 1988419 a prime number?
False
Is 72561887 a composite number?
False
Is 15309821 a prime number?
False
Is 50630963 a prime number?
False
Is 59411119 a composite number?
True
Is 2334643 prime?
True
Is 18449401 a prime number?
True
Is 111694691 prime?
False
Is 17031881 a composite number?
True
Is 64612337 a composite number?
False
Is 1718977 composite?
True
Is 24267863 a prime number?
True
Is 158416607 prime?
True
Is 18499693 composite?
False
Is 101337169 a composite number?
True
Is 52072753 a prime number?
True
Is 4752443 prime?
True
Is 3134713 composite?
False
Is 421470943 prime?
True
Is 1991957 a prime number?
False
Is 15093997 composite?
False
Is 418316147 composite?
False
Is 13211519 composite?
False
Is 8306414 composite?
True
Is 2782837 composite?
True
Is 1072543 a prime number?
True
Is 28705819 prime?
True
Is 5913319 a prime number?
True
Is 13475489 a composite number?
True
Is 79285729 a prime number?
True
Is 27617633 a prime number?
True
Is 3489173 a composite number?
False
Is 4637219 composite?
True
Is 99887 composite?
True
Is 13445429 a prime number?
True
Is 116676589 a prime number?
True
Is 25224841 composite?
False
Is 23852793 a prime number?
False
Is 12909389 a prime number?
True
Is 1727381 a composite number?
False
Is 367699271 composite?
False
Is 2566933 a prime number?
False
Is 2382374 a prime number?
False
Is 21314999 a composite number?
False
Is 3375811 a composite number?
False
Is 70852127 a composite number?
False
Is 33679 a composite number?
False
Is 423489391 prime?
False
Is 33133838 a composite number?
True
Is 611683 a prime number?
False
Is 12698551 a prime number?
True
Is 8123719 a composite number?
False
Is 10600951 composite?
False
Is 529029289 prime?
True
Is 26108357 a prime number?
False
Is 48081599 a prime number?
False
Is 631339 prime?
True
Is 235508887 prime?
False
Is 51048857 a composite number?
False
Is 21027593 a prime number?
False
Is 77500157 a prime number?
False
Is 747037 a prime number?
True
Is 22135639 a prime number?
True
Is 12893935 composite?
True
Is 220751147 a prime number?
True
Is 6807419 prime?
True
Is 110509393 a prime number?
True
Is 6066547 composite?
True
Is 348149 a composite number?
False
Is 617545399 a composite number?
False
Is 14312021 a prime number?
True
Is 201559 a prime number?
False
Is 108920373 a prime number?
False
Is 14211059 composite?
False
Is 850741 prime?
False
Is 132435857 composite?
False
Is 5925749 a prime number?
True
Is 132689657 a composite number?
True
Is 109797593 a composite number?
True
Is 65636786 composite?
True
Is 392806241 a composite number?
False
Is 437119 a prime number?
False
Is 5257687 a prime number?
False
Is 1550719 a prime number?
False
Is 86871761 a composite number?
False
Is 119179 prime?
True
Is 250418903 a composite number?
True
Is 60949621 prime?
True
Is 89007157 a prime number?
True
Is 286158958 a prime number?
False
Is 7982267 prime?
True
Is 10716577 prime?
True
Is 116738693 a composite number?
False
Is 50226733 a prime number?
False
Is 707445397 composite?
False
Is 46664477 a prime number?
True
Is 43151671 a prime number?
True
Is 11809541 composite?
False
Is 34076753 a composite number?
False
Is 208171 composite?
True
Is 126085943 a prime number?
True
Is 5924089 prime?
False
Is 7178207 a prime number?
False
Is 748017313 a composite number?
False
Is 6901409 composite?
True
Is 3503609 a prime number?
True
Is 54083 composite?
False
Is 4128833 a composite number?
True
Is 26619959 a composite number?
True
Is 2750719 a composite number?
True
Is 80114131 a prime number?
True
Is 51385238 a prime number?
False
Is 339979403 prime?
True
Is 2177471 prime?
False
Is 21607409 prime?
True
Is 141439271 a composite number?
True
Is 61527253 prime?
True
Is 3930851 composite?
True
Is 276602791 a composite number?
False
Is 2685461 a composite number?
False
Is 6781379 composite?
True
Is 677891 a prime number?
True
Is 44977211 prime?
True
Is 2650559 prime?
True
Is 2308601 a composite number?
True
Is 316898033 a composite number?
False
Is 5561341 a prime number?
True
Is 21978947 a composite number?
False
Is 12915718 composite?
True
Is 18845917 prime?
False
Is 3786749 a composite number?
False
Is 11191529 a prime number?
True
Is 309923849 composite?
False
Is 2365943 a composite number?
True
Is 26051471 a composite number?
False
Is 1937603 a composite number?
False
Is 116062